 + 19*z + 3. Let v be j(10). Is 10 a factor of i(v)?
True
Suppose -16 = 5*x - 9*x. Suppose 3*v = x*w + 128, -w - 2*w = v - 60. Suppose 4*z = 5*o + 96, 2*z + 0*o + o - v = 0. Does 12 divide z?
True
Let g(h) = h**2 + 11*h + 21. Let f be g(-9). Suppose -4*n + 87 = f*l - n, n + 25 = l. Is l a multiple of 23?
False
Suppose z = 171 + 266. Is 23 a factor of z?
True
Let i(d) = -d**3 - 9*d**2 - 26*d + 3. Does 11 divide i(-5)?
True
Let q(z) = -7*z + 28. Let r be q(4). Let x = -28 + 39. Suppose -5*g + 5*f - x + 131 = r, 2*g - 24 = -4*f. Does 5 divide g?
True
Let s = -13 + 8. Let d(f) = -f**2 - 3*f + 6. Let i be d(s). Does 7 divide 4 - (i - -4) - -17?
True
Suppose -5*f - 4*g + 13 = -6*g, -11 = -3*f - 2*g. Suppose -f*r - 5*l = -l - 160, -2*l = -5*r + 232. Does 8 divide r?
True
Let a(z) be the second derivative of z**5/20 + z**4/4 - z**3/6 - z**2/2 - 13*z. Does 3 divide a(2)?
False
Let u(v) = -2*v**3 + 11*v**2 - 7*v - 23. Let y(b) = -b**3 + 5*b**2 - 3*b - 11. Let g(l) = -6*u(l) + 13*y(l). Is g(-3) a multiple of 3?
False
Let l be (4 - (7 + -4)) + 2. Suppose l*o - 4 = 5. Suppose 0 = 4*j + o*r + 1, 3*j + 0*r + 2*r = 0. Is 2 a factor of j?
True
Suppose d + c = 5, -4*d - c = -d - 13. Suppose d*s - 4*t - 228 = t, -5*t - 171 = -3*s. Is s a multiple of 19?
True
Let o(i) = -i**3 + 8*i**2 - 13*i + 5. Does 3 divide o(5)?
True
Suppose u - 10 = -7. Suppose 0 = u*a - 0*a + d - 28, 3*d + 42 = 5*a. Is 5 a factor of a?
False
Suppose -27 = -2*o - 23. Suppose 0 = 5*x + c + o*c - 624, -3*c - 258 = -2*x. Is x a multiple of 21?
True
Let m(u) be the third derivative of u**5/30 + 5*u**4/8 + 6*u**3 - 11*u**2 - u. Is m(-6) a multiple of 3?
True
Let l(y) = -y**3 + 2*y**2 + y + 9. Let w be l(3). Suppose -2*b + w*k = -0*k - 218, -k = -5*b + 532. Is b a multiple of 53?
True
Suppose -3*x + 3*r - 24 = x, 0 = 2*x - 2*r + 14. Does 6 divide x + 47 + (-4)/1?
False
Suppose 0 = -0*u - 5*u + 5. Let d = u - 1. Suppose d = 5*l - 29 - 36. Is l a multiple of 13?
True
Let t(r) = -r**3 + 3*r**2 - 2*r. Suppose -2*j + 8 = -4*c, -2*j + 3*j = -5*c - 17. Is 15 a factor of t(c)?
True
Let t be (10/4 + -2)*0. Suppose m = -t*u + 2*u + 76, -4*m + 284 = 2*u. Does 23 divide m?
False
Suppose 9*r = 6165 + 13140. Does 65 divide r?
True
Let k(j) = -6*j**3 + 25*j**2 - 9*j - 21. Let n be 4/6 - 31/(-3). Let q(u) = u**3 - 5*u**2 + 2*u + 4. Let r(t) = n*q(t) + 2*k(t). Does 7 divide r(-6)?
True
Suppose 4*s = 5*p + 1219, 0*p + 2*p = -5*s + 1499. Suppose 4*x - 519 = s. Is 25 a factor of x?
False
Suppose 0 = 3*j - 2*x - 2, 2*x = 4*j - 3*x - 5. Suppose j = -4*l - 5*s + 798 - 23, -l + 199 = -4*s. Is 13 a factor of l?
True
Suppose 4*h - x - 6609 = 0, -258 - 1413 = -h + 4*x. Does 18 divide h?
False
Let l(b) = -5 - 7 + b + 4. Let d be l(5). Does 15 divide (-10)/4*d*2?
True
Suppose 2*n = -2*n + 16. Suppose -117 + 669 = n*o. Is o a multiple of 16?
False
Suppose -25*u = -27*u + 16. Is 18 a factor of 215/u*2 + 1/4?
True
Suppose -3*z + 3975 - 279 = 0. Is 77 a factor of z?
True
Let x = -24273 - -34418. Let o = 6240 - x. Is o/(-45) + (-2)/(-9) a multiple of 23?
False
Does 26 divide ((-12)/10)/((-19)/38760)?
False
Let i(s) = -s**2 - 36*s - 40. Is 8 a factor of i(-29)?
False
Suppose -4*x + v = -3*v + 180, -2*v + 2 = 0. Let y = 96 + x. Is y a multiple of 8?
False
Suppose -874 + 763 = -3*u. Suppose 64 = -4*x + 8. Let q = u + x. Is q a multiple of 6?
False
Does 82 divide (-20155)/(-9) + (-152)/342?
False
Let q(a) = a**3 + 23*a**2 + 10*a + 19. Is q(-21) a multiple of 11?
False
Let a(q) = 34*q**2 - 3*q + 2. Let s be a(1). Let d = s - 28. Suppose -d*c = 2*l - 138, -3*c + 4*c - 18 = 2*l. Is c a multiple of 13?
True
Suppose 0 = 7*c - 3*c - 12. Suppose 0 = 4*y + 5*j - 18, 4*y - 4*j - 18 = 18. Let a = y - c. Does 4 divide a?
True
Let l(d) = 3*d**3 + 6*d**2 + 10*d + 15. Let g(p) = 2*p**3 + 3*p**2 + 5*p + 7. Let c(z) = -5*g(z) + 2*l(z). Let r be c(5). Is (-1)/4 + r/(-20) a multiple of 10?
True
Suppose 4*p = 184 + 1448. Is p a multiple of 19?
False
Let i = -559 + 894. Suppose 3*t - i = 145. Is t a multiple of 43?
False
Let d(m) = m + 1. Let r be d(0). Suppose -y = c - 3, 0 = -y + 3*c + 8 - r. Suppose y*v + 0*v - 124 = 0. Does 8 divide v?
False
Suppose -103 = -2*g + 609. Does 27 divide g?
False
Let f(o) = 2*o**2 + o + 674. Is f(0) a multiple of 31?
False
Suppose -2*g + 10 = -3*g. Suppose -16 = 5*v - 6*v. Let d = g + v. Is 3 a factor of d?
True
Let m = 170 - 60. Let p be (-2)/(-6)*36/3. Suppose 3*x - 95 = -g, -p*x + 6*g - 4*g + m = 0. Is x a multiple of 16?
False
Suppose -5*l = 8*l - 1768. Does 34 divide l?
True
Suppose -7 = -10*v + 23. Suppose -q - 1 = 6. Is v + (-4 - -3) - q a multiple of 6?
False
Suppose 2*t + 1334 = 4*z, -3*t + 111 + 240 = z. Is z a multiple of 7?
True
Let p(h) = 3*h**2 - 4*h**3 + h**2 + 0*h + 2 + 6*h**3 + 6*h. Let t be p(-2). Let a = t - -16. Does 3 divide a?
True
Suppose -2*i = 4*b - 1844, 3*i - 1016 = 5*b - 3310. Does 20 divide b?
True
Suppose 0 = -5*m - 2 + 22. Suppose -m*u = -x - 3*x - 328, 76 = u - 4*x. Is 18 a factor of u?
False
Suppose -6*g - 21 = g. Let d(q) = 15*q**2 + q + 1. Does 36 divide d(g)?
False
Suppose -5*o - 2*h + 3055 = 0, -2*o - 15*h = -17*h - 1222. Does 13 divide o?
True
Let q(h) = 23*h - 6. Suppose 0 = -3*d + 3*u - 2*u + 2, -2*d + 2*u = 4. Let w be 1/(-2 + 3)*d. Is q(w) a multiple of 20?
True
Let q = 37 - 37. Suppose 4*l + 8 = q, i + 3*l - 28 = -l. Is 12 a factor of i?
True
Let l be (-4 - -5) + 6 + 1. Suppose 0 = -l*z - 46 + 222. Is z a multiple of 11?
True
Let j = 2081 + -1452. Is 15 a factor of j?
False
Let n = -24 - -27. Suppose r = 4*s + 53, 4*s + 90 + 37 = n*r. Is 10 a factor of r?
False
Let v be (-1 - 76/8)*(-2)/3. Does 8 divide 335/v + (0 - 1/(-7))?
True
Let k = 241 + -166. Does 7 divide k?
False
Let b(n) = 2*n**2 - 31*n + 9. Is 60 a factor of b(17)?
True
Suppose 15*x = 8*x - 7. Does 16 divide 5352/168 + x/(-7)?
True
Suppose -5*p + 4*g - g + 297 = 0, -3*g = 5*p - 273. Let u = -94 - -133. Let t = p - u. Is 6 a factor of t?
True
Let y = 1045 - 638. Is 37 a factor of y?
True
Let s(f) = -f**2 - 9*f - 12. Let z be s(-5). Is 9 a factor of 4/16 + 366/z?
False
Let t(x) = x**3 - 9*x**2 + 10*x - 14. Let f be t(8). Suppose -3*i + 5*u + 17 = 0, -f*i - 3*i - u = -75. Does 6 divide i?
False
Suppose -14*i - 4*b - 920 = -18*i, -b = i - 232. Does 4 divide i?
False
Suppose 5*l = 3*q + 4*l - 272, -2*q = -4*l - 168. Is 8 a factor of q?
False
Let y = -52 + 64. Suppose q = 5*s - 291, 3*q + y = 6*q. Is 4 a factor of s?
False
Let n(v) = v**2 + 4*v + 2. Let h be n(-4). Suppose h*y + 10 = 3*y. Is 3 a factor of y?
False
Let a = 13 - 10. Suppose 0 = 6*f - a*f. Suppose -x + 0*t - t = -67, f = 3*x - 4*t - 208. Is x a multiple of 21?
False
Let t(q) = q**3 + 3*q - 115. Does 72 divide t(10)?
False
Let v = 492 - 273. Is 20 a factor of v?
False
Suppose 0 = 6*m - 22*m + 10240. Is 5 a factor of m?
True
Let z be (-44)/(-21) + (-10)/105. Suppose -5*v - 40 = -x, -5*v + 15 = -z*x + 80. Is x a multiple of 6?
False
Let n(t) = 7*t**2 + 4*t**3 - 3*t**3 + 5*t + 5 + 0*t**3. Let i be n(-7). Is 5 a factor of 1/(-2 + (-63)/i)?
True
Let b(p) = 27*p - 7. Let m be 6/5*85/17. Is b(m) a multiple of 38?
False
Let g = -194 + 577. Is 44 a factor of g?
False
Let r be ((-12)/15)/(4/(-50)). Suppose -r*m + 12*m + 282 = 0. Let z = -72 - m. Is 23 a factor of z?
True
Let s be 67 + (-1)/((-1)/(-2)). Let h be 29/(-2)*(-4 + 6). Let v = s + h. Is 12 a factor of v?
True
Suppose 5*i = y + 228, -4*i + 4*y + 102 = -2*i. Suppose -5 = 5*z, 3*z = 5*p + 8*z + i. Let f(q) = -3*q - 9. Is f(p) a multiple of 5?
True
Let f be 20/6*1*270/12. Suppose -f = 2*y - 259. Does 6 divide y?
False
Is (-5 - (-51)/9 - -6)*30 a multiple of 25?
True
Let d = 25 - 23. Let m(s) = 0*s - 7*s**d + s**3 - 1 + 6 + 4 + s. Is 8 a factor of m(7)?
True
Let n(k) = -k**3 - 5*k**2 + 8*k + 11. Let v be n(-6). Let j be v/2*-6 - -1. Suppose 0 = -5*a + 4*s + 172, -17 = -a - j*s - s. Is a a multiple of 7?
False
Suppose 3*w - w = -4*p + 46, 0 = 2*w - 3*p - 11. Let b(j) = -j + 15. Let m be b(w). Suppose -y = m*y + 3*s - 3, 5*s = -10. Does 3 divide y?
True
Let q(v) = v**3 + 11*v**2 - 2*v - 30. Let j(b) = -b**2 - 2*b + 14. Let x be j(-6). Does 10 divide q(x)?
True
Let k = -1103 + 1607. Is 14 a factor of k?
True
Let w be 8/(-64) + (1 - 507/(-24)). Suppose -3*r = w - 145. Does 5 divide r?
False
Let f = 15 + -10. Suppose